5 = -0*m. Is m a multiple of 10?
False
Let c = 11 - 8. Let d be 1 - (-34)/(-6)*c. Let r = 29 - d. Does 15 divide r?
True
Suppose 2*r + 14 = 2*p, -53 = 2*r + r + 5*p. Is 23 a factor of r/(22/(-168)) + 3?
False
Let a = -90 + 142. Is a a multiple of 13?
True
Let w(u) = -44*u. Is w(-1) a multiple of 11?
True
Let k = 90 - 44. Let x = k + -33. Is x a multiple of 8?
False
Let f = -78 - -110. Does 11 divide f?
False
Let w(i) = i**2 - 2*i + 7. Let q be w(5). Suppose q = 4*b - 4*l - l, 0 = 5*l + 10. Is b even?
False
Let m(a) = -a**2 - 2*a - 3. Let g(h) = h + 1. Let b(v) = -6*g(v) + m(v). Let r be b(-6). Suppose o = r*d + 16, -3*o - 3*d - 2 + 50 = 0. Does 16 divide o?
True
Let v = -105 + 133. Is 16 a factor of v?
False
Suppose 2*n - 2*b - 66 = 0, -n + 32 = -0*n - 2*b. Is n a multiple of 17?
True
Suppose -4*y + 3 = -9*y - 3*d, -3*d = -2*y + 3. Suppose 5*k + 0*z - 5*z + 15 = y, 16 = 4*z. Suppose 3 = 3*u - 2*s, -k = u - 2*s + 2. Does 2 divide u?
False
Suppose -8 = 3*m - 32. Is 17 a factor of -153*(m/3 + -3)?
True
Let z(t) = 7*t + 1. Let n be z(-1). Let g be (-478)/(-12) + (-1)/n. Let b = 59 - g. Does 6 divide b?
False
Does 16 divide ((-3)/6)/(310/156 + -2)?
False
Let m(s) be the first derivative of s**3/3 - 2*s**2 + 10*s - 3. Is 21 a factor of m(8)?
True
Let p(l) = 2*l + 77. Is p(0) a multiple of 20?
False
Let t = -3 + 19. Is 12 a factor of t?
False
Let b = -18 + 29. Let g = 0 - 0. Suppose g = v - b - 10. Is 11 a factor of v?
False
Suppose -3*b - 2*b + 255 = 0. Is b a multiple of 3?
True
Suppose 8*y - 3*y - 30 = 0. Suppose f + 2*f - y = 0. Suppose 168 - 44 = 5*c - f*i, -5*c + 136 = 2*i. Is 13 a factor of c?
True
Suppose -84 - 86 = -k - 5*r, 2*r - 680 = -4*k. Does 22 divide k?
False
Let i = -41 + 63. Suppose 3*o - 132 = -3*b, -316 + 95 = -5*b - 4*o. Let j = b - i. Is 8 a factor of j?
False
Let j = 52 - 33. Does 9 divide j?
False
Let u(k) = 2*k**2 - 5*k - 1. Let z = 5 + 4. Let a be 8/(-36) + 38/z. Is 11 a factor of u(a)?
True
Suppose 21*x = 18*x + 597. Does 13 divide x?
False
Let f(q) = -55*q**3 - q**2 - 3*q - 2. Does 11 divide f(-1)?
True
Suppose 3*t = 0, a + 12 = 4*a - t. Let p(z) = 2*z - 3. Let n be p(a). Suppose -n*c - 30 = -5*u - 10*c, 20 = -5*c. Does 6 divide u?
False
Suppose 3 + 15 = -3*h. Let m = h - -22. Is m a multiple of 8?
True
Let u(t) = t**2 - 4*t - 5. Let i be u(4). Let p(o) = 3*o**2 + 5*o - 7. Does 17 divide p(i)?
False
Let u = 10 - 2. Is u a multiple of 4?
True
Let i(v) = v**3 + 7*v**2 + 5*v - 2. Let m be i(-6). Suppose -149 = -3*j - 5*p, -m*j + j - 3*p + 147 = 0. Is j a multiple of 10?
False
Let q(m) = 6*m**2 - m - 11. Is 18 a factor of q(4)?
False
Suppose -3*p + 264 = p. Is p a multiple of 28?
False
Let a(o) = o**3 + 8*o**2 + 3*o + 6. Let g(c) = c**3 + 8*c**2 + 4*c + 6. Let h(l) = -3*a(l) + 2*g(l). Let q be h(-8). Is 4 a factor of (-210)/(-55) - q/(-11)?
True
Let g = 1 + 2. Suppose g*z = 5*t - 45 - 60, -4*t = z - 67. Is ((-80)/(-12))/(4/t) a multiple of 15?
True
Let z(j) = -j - 5. Let k be z(-5). Suppose 0 = -k*q + 4*q - 56. Is 4 a factor of q?
False
Let x = 7 + -15. Let a = 13 + x. Suppose a*t - t = 64. Does 8 divide t?
True
Let w(u) = 9*u + 3. Let x(d) = d. Let c(f) = -w(f) + 6*x(f). Is 11 a factor of c(-5)?
False
Let h = -4 + 6. Suppose -4 = -4*u, -5*a + 2*u = -a - h. Let p(i) = 12*i**3 - i**2 + 1. Does 9 divide p(a)?
False
Suppose 5*b - 6*b = -4*d + 43, -3*b = -5*d + 45. Is ((-8)/d)/((-1)/63) a multiple of 14?
True
Let m be ((-2)/(-4))/(1/10). Suppose 21 + m = t. Is 13 a factor of t?
True
Let y(p) be the third derivative of 3*p**5/5 + 2*p**2. Does 12 divide y(1)?
True
Let z(x) = -x**2 - 13*x + 8. Let a(k) = k**3 + 2*k**2 + k + 1. Let l be a(-3). Does 15 divide z(l)?
True
Suppose 5*g = 5*b + 205, 3*g - 33 = b + 82. Suppose g = 3*r + s, r + 1 = 2*s + s. Is 9 a factor of r?
False
Let o(t) = t**3 + 8*t**2 + 1. Let f be o(-8). Is (f/(-2))/(15/(-240)) even?
True
Suppose -4*g + 275 = 3*c, -4*c - g = -5*g - 320. Is c a multiple of 18?
False
Let r(l) = l**3 + 6*l**2 + l - 1. Let b(x) = -4*x - 12. Let v be b(-8). Suppose 2*d - 7*d = v. Is r(d) a multiple of 10?
False
Let o(i) = i**3 - 3*i**2 - 5*i - 1. Let q be o(4). Let j(m) = m**2 + 2*m + 6. Is 7 a factor of j(q)?
True
Let j(i) = -7*i + 3. Suppose -2*r + 3*r = -3. Is 8 a factor of j(r)?
True
Let g(k) be the third derivative of -k**4/12 + k**3/6 + k**2. Suppose 0 = -5*p - 9 - 1. Does 2 divide g(p)?
False
Suppose 16 - 2 = -4*s + h, -4*s + 5*h - 22 = 0. Let d be -1 - (s - -1 - 3). Is 7 a factor of (d/8)/(3/66)?
False
Let l = -49 - -74. Is l a multiple of 12?
False
Let k = 30 - 20. Is 6 a factor of k + (-10 + 2)/4?
False
Is ((-20)/9)/((-14)/21)*6 a multiple of 3?
False
Let u = 198 + -142. Does 11 divide u?
False
Suppose u = -4*u + 65. Is 5 a factor of u?
False
Let w(a) = a**2 - 5*a - 1. Suppose -33 = 3*p + 9. Let h = -7 - p. Is w(h) a multiple of 13?
True
Suppose -5*a = -122 + 22. Suppose k - 2*k = 2*l - 11, 5*l - 5*k - a = 0. Suppose 5*b + o = 6*o + 170, l*b = -4*o + 161. Does 12 divide b?
False
Does 25 divide -46*(-3 - (2 - 1))?
False
Suppose -12 = 4*p - p. Is (-66)/(-14) + p/(-14) a multiple of 5?
True
Suppose 3*n + 131 = 581. Is 30 a factor of n?
True
Let j(n) = 2*n**2 - 2*n + 2. Let s(u) = -8*u**2 + 7*u - 7. Let f(w) = -9*j(w) - 2*s(w). Let l be f(3). Is 17 a factor of -10*l/4 + -1?
False
Let i(t) = t + 2. Let r be i(-2). Suppose -32 = 2*p + 4*v, r*p + 12 = -2*p + v. Does 2 divide 14/8 + (-2)/p?
True
Let z(c) = -22*c**3 - 2*c**2 + 1. Suppose 0 = 5*t + 25, -a + 0*a - 5*t = 15. Suppose 5*i = -4*g + 3*i - a, 4*g = i - 1. Does 21 divide z(g)?
True
Let u(y) = -y**3 + 10*y**2 + 8*y - 14. Is 11 a factor of u(10)?
True
Let m be (2 + -2)*(3 + -4). Suppose -w = 3*u - 5, 4*w - 2 + 6 = m. Suppose t - k + u = 7, t + 3*k = -3. Is t even?
False
Let o = -6 + 10. Suppose -7*f = -2*f + o*x - 80, 0 = -f + 4*x + 40. Is f a multiple of 6?
False
Suppose -o - 1 = -3. Let r be (o/3)/(3/324). Let t = -45 + r. Does 9 divide t?
True
Suppose -7 = -3*o + 14. Does 2 divide o?
False
Let b = -4 - -6. Suppose 4*x - 12 = -0*g - 4*g, g = 4*x - b. Suppose 0 = g*z + 3*p - 1, p = -3*z + 2*z + 2. Is 3 a factor of z?
False
Let k = -16 + 70. Does 21 divide k?
False
Let h = -12 - -22. Suppose -2*v + h = -18. Is v a multiple of 14?
True
Let a be -4 + 26 - (0 - -2). Suppose y - 52 = -a. Suppose 0 = -5*l + 3*x + 23, -5*l - 2*x = -75 + y. Is 3 a factor of l?
False
Suppose 0 = d - 4*d. Suppose -g - 26 + 68 = d. Suppose -t = -3*t + g. Is t a multiple of 10?
False
Let d be (-2)/(-8) + 1079/4. Let i be d/33 + (-2)/11. Suppose 5*o = -3*f + i + 57, -5*f - 65 = -5*o. Is 12 a factor of o?
False
Suppose -5 + 14 = r. Does 13 divide (-2 + r)*96/14?
False
Let a be 120/15 - (0 + 4). Suppose a*x + 90 = 10*x. Does 15 divide x?
True
Let r = 46 - 28. Suppose 3*s - 5*u = r, -4*u - 8 = -s - 2. Is s a multiple of 3?
True
Is (-16)/40 + (-237)/(-5) + 1 a multiple of 16?
True
Suppose -44 + 24 = -a. Is a a multiple of 20?
True
Let a be (-6)/2*(-6)/9. Suppose 0 = -2*s + a + 22. Is s a multiple of 3?
True
Let l = -3 - -6. Suppose 4*r - 42 = l*y, 0*r - 1 = r + 5*y. Let o(m) = m**3 - 9*m**2 + 3*m + 4. Is o(r) a multiple of 15?
False
Suppose -y + 12 = y + 2*h, y - 2*h = 0. Let p be 1*-2*(-11)/2. Suppose -k + y = -p. Does 15 divide k?
True
Let c(w) = -4*w**2 - 7. Let n(q) = -3*q**2 + q - 6. Let x(g) = 4*c(g) - 5*n(g). Does 6 divide x(-4)?
True
Suppose 0 = 3*n - 16 - 41. Suppose 4*u + 4*x + x - 67 = 0, u = -2*x + n. Is u a multiple of 13?
True
Let p(l) = 34*l**2 + 7*l - 6. Is 9 a factor of p(-3)?
True
Let j(q) = 3*q**2 + 23*q + 20. Is 44 a factor of j(-12)?
True
Let y be -159*((-8)/(-12) + -2). Suppose -9*i + y = -5*i. Is i a multiple of 13?
False
Suppose -18 = 3*l + 42. Let p = 49 + l. Suppose p = c - 0. Does 14 divide c?
False
Suppose y - 115 = 10. Is 10 a factor of y?
False
Is 12 a factor of -2 - -1 - (2 + 0) - -64?
False
Let h(s) = 17*s**3 + s**2 + s - 1. Let q be h(1). Suppose 4*u + q = m, 4*u + 24 = -m + 3*m. Suppose -v + 2*v = m. Does 3 divide v?
True
Let m(r) = 2*r + 4. Let g be m(-3). Let w be g/3 - 6/(-9). Suppose 4*n = -4*t + 32, w = -4*t - 3*n - 0*n + 28. Is 2 a factor of t?
True
Suppose -5*v + 1 = 16. Let x = v - -6. Is 3 a factor of x?
True
Suppose -27 + 11 = 4*t. Let w(h) = h**3 + 6*h**2 + 4*h + 5. Is w(t) a multiple of 7?
True
Let v(r) = -5*r + 6. 